21182.
436
What is the remainder when 137149435 is divided by 19?
6
What is the remainder when 1713965 is divided by 348?
65
What is the remainder when 281924 is divided by 919?
710
Calculate the remainder when 127957 is divided by 4193.
2167
What is the remainder when 3957700 is divided by 142?
18
Calculate the remainder when 935571 is divided by 9172.
27
Calculate the remainder when 594296 is divided by 515.
501
Calculate the remainder when 176217949 is divided by 21.
19
What is the remainder when 156753285 is divided by 18?
15
Calculate the remainder when 15097701 is divided by 89.
8
Calculate the remainder when 1507349 is divided by 10.
9
What is the remainder when 3752472 is divided by 650?
22
What is the remainder when 387992 is divided by 472?
8
Calculate the remainder when 7546 is divided by 2411.
313
Calculate the remainder when 321055 is divided by 2724.
2347
Calculate the remainder when 3676569 is divided by 4768.
441
What is the remainder when 684342 is divided by 404?
370
What is the remainder when 743219 is divided by 3740?
2699
Calculate the remainder when 127736 is divided by 4759.
4002
What is the remainder when 1004210 is divided by 172?
74
Calculate the remainder when 6879 is divided by 468.
327
Calculate the remainder when 101807 is divided by 375.
182
What is the remainder when 272131 is divided by 2329?
1967
What is the remainder when 7102750 is divided by 109?
92
Calculate the remainder when 54625 is divided by 5452.
105
What is the remainder when 137480 is divided by 106?
104
What is the remainder when 44839 is divided by 44777?
62
Calculate the remainder when 200016709 is divided by 4.
1
Calculate the remainder when 209094 is divided by 884.
470
What is the remainder when 284985221 is divided by 1578?
1577
Calculate the remainder when 321507694 is divided by 41.
3
What is the remainder when 396064 is divided by 161?
4
Calculate the remainder when 2173774 is divided by 6072.
6070
Calculate the remainder when 6539800 is divided by 37585.
10
What is the remainder when 8775124 is divided by 30259?
14
Calculate the remainder when 105968 is divided by 3105.
398
What is the remainder when 73538318 is divided by 78?
74
Calculate the remainder when 354524 is divided by 5.
4
Calculate the remainder when 2554703 is divided by 353.
42
What is the remainder when 205817 is divided by 722?
47
Calculate the remainder when 12479 is divided by 2445.
254
Calculate the remainder when 4373597 is divided by 6.
5
Calculate the remainder when 240630177 is divided by 60.
57
Calculate the remainder when 829410 is divided by 6190.
6140
What is the remainder when 13724 is divided by 1046?
126
What is the remainder when 57821 is divided by 6160?
2381
What is the remainder when 2202689 is divided by 125?
64
What is the remainder when 1614930 is divided by 1172?
1086
What is the remainder when 262044 is divided by 474?
396
Calculate the remainder when 8149187 is divided by 225.
137
What is the remainder when 28318995 is divided by 191?
189
Calculate the remainder when 31405035 is divided by 13.
12
Calculate the remainder when 234261993 is divided by 25.
18
Calculate the remainder when 404137 is divided by 80482.
1727
Calculate the remainder when 110105795 is divided by 3100.
3095
What is the remainder when 72750 is divided by 1096?
414
What is the remainder when 329341 is divided by 12196?
49
What is the remainder when 11491512 is divided by 332?
328
Calculate the remainder when 248123 is divided by 49614.
53
What is the remainder when 22222147 is divided by 466?
5
Calculate the remainder when 60403 is divided by 1313.
5
Calculate the remainder when 3016796 is divided by 517.
101
What is the remainder when 208188407 is divided by 359?
358
Calculate the remainder when 858976 is divided by 429320.
336
Calculate the remainder when 507449 is divided by 506198.
1251
Calculate the remainder when 1260228 is divided by 21003.
48
What is the remainder when 8249317 is divided by 2062327?
9
Calculate the remainder when 194439839 is divided by 7349.
7346
Calculate the remainder when 3087896 is divided by 469.
0
Calculate the remainder when 16229760 is divided by 87.
84
Calculate the remainder when 1148991 is divided by 2909.
2845
What is the remainder when 11699176 is divided by 11699174?
2
Calculate the remainder when 571643 is divided by 994.
93
Calculate the remainder when 4916171 is divided by 5105.
56
What is the remainder when 101375 is divided by 5710?
4305
What is the remainder when 1573064 is divided by 234?
116
What is the remainder when 19817189 is divided by 664?
109
Calculate the remainder when 5338449 is divided by 5338439.
10
Calculate the remainder when 2608155 is divided by 14734.
237
Calculate the remainder when 96212 is divided by 23528.
2100
What is the remainder when 4441595 is divided by 5978?
5919
What is the remainder when 1457160 is divided by 5692?
8
What is the remainder when 218556 is divided by 2770?
2496
What is the remainder when 517123 is divided by 129057?
895
Calculate the remainder when 32499233 is divided by 38.
37
What is the remainder when 105750148 is divided by 35250049?
1
What is the remainder when 908691 is divided by 908620?
71
What is the remainder when 1877071 is divided by 375414?
1
What is the remainder when 1619088 is divided by 161775?
1338
Calculate the remainder when 5087273 is divided by 1674.
1661
Calculate the remainder when 191179278 is divided by 289.
287
Calculate the remainder when 38366 is divided by 38204.
162
What is the remainder when 108564894 is divided by 61?
22
Calculate the remainder when 107994 is divided by 26723.
1102
What is the remainder when 13853 is divided by 5993?
1867
Calculate the remainder when 5836566 is divided by 76.
70
What is the remainder when 510205 is divided by 146?
81
Calculate the remainder when 2308721 is divided by 139.
70
Calculate the remainder when 1227513 is divided by 613744.
25
Calculate the remainder when 7084 is divided by 3.
1
Calculate the remainder when 740659 is divided by 740646.
13
What is the remainder when 519568 is divided by 3604?
592
What is the remainder when 1462754 is divided by 5851?
4
What is the remainder when 819841 is divided by 26440?
201
Calculate the remainder when 301250 is divided by 150592.
66
Calculate the remainder when 215625 is divided by 7986.
3
What is the remainder when 703018 is divided by 143?
30
What is the remainder when 17842115 is divided by 9681?
32
Calculate the remainder when 12021013 is divided by 11.
4
What is the remainder when 3686909 is divided by 119?
51
What is the remainder when 12940703 is divided by 2096?
2095
Calculate the remainder when 26137925 is divided by 634.
7
Calculate the remainder when 8387581 is divided by 1082.
999
Calculate the remainder when 173199 is divided by 72.
39
Calculate the remainder when 13338460 is divided by 5471.
162
Calculate the remainder when 2131078 is divided by 1416.
1414
Calculate the remainder when 174600668 is divided by 174600655.
13
Calculate the remainder when 106641 is divided by 324.
45
Calculate the remainder when 1014536 is divided by 1708.
1692
What is the remainder when 66135290 is divided by 558?
14
What is the remainder when 72039 is divided by 23602?
1233
What is the remainder when 41049505 is divided by 41049462?
43
Calculate the remainder when 26531278 is divided by 2653125.
28
What is the remainder when 44056312 is divided by 1565?
1562
What is the remainder when 5335615 is divided by 8?
7
Calculate the remainder when 80161 is divided by 263.
209
What is the remainder when 10252160 is divided by 26?
22
Calculate the remainder when 92904 is divided by 7069.
1007
Calculate the remainder when 245294 is divided by 81077.
2063
Calculate the remainder when 278974 is divided by 295.
199
Calculate the remainder when 151380 is divided by 30271.
25
What is the remainder when 278296 is divided by 6626?
4
Calculate the remainder when 32407 is divided by 5263.
829
What is the remainder when 76971217 is divided by 20?
17
Calculate the remainder when 1162546 is divided by 919.
11
What is the remainder when 265954 is divided by 16438?
2946
Calculate the remainder when 1316937 is divided by 110.
17
What is the remainder when 521110 is divided by 71?
41
What is the remainder